ivisor of 1043 and 7?
7
What is the greatest common factor of 12 and 216?
12
What is the highest common factor of 40 and 152?
8
What is the greatest common divisor of 225 and 9?
9
Calculate the highest common divisor of 77 and 1925.
77
What is the greatest common divisor of 38 and 124?
2
What is the highest common divisor of 108 and 73116?
108
What is the highest common factor of 112 and 406?
14
Calculate the greatest common factor of 5124 and 1092.
84
What is the highest common divisor of 2868 and 24?
12
Calculate the greatest common divisor of 145 and 6380.
145
What is the highest common divisor of 475 and 589?
19
Calculate the greatest common divisor of 511 and 119.
7
Calculate the greatest common factor of 4 and 2012.
4
Calculate the highest common factor of 735 and 210.
105
Calculate the greatest common divisor of 34979 and 19.
19
What is the highest common divisor of 245 and 5?
5
What is the greatest common factor of 1050 and 42?
42
Calculate the greatest common factor of 8967 and 183.
183
What is the highest common divisor of 4 and 248?
4
Calculate the highest common divisor of 110 and 20.
10
Calculate the greatest common divisor of 817 and 38.
19
Calculate the highest common divisor of 2240 and 70.
70
Calculate the greatest common factor of 102 and 6.
6
Calculate the highest common divisor of 2720 and 640.
160
Calculate the highest common factor of 92 and 23.
23
What is the highest common divisor of 10 and 7025?
5
Calculate the greatest common divisor of 12 and 5982.
6
Calculate the highest common factor of 32 and 592.
16
What is the greatest common divisor of 32 and 16?
16
Calculate the greatest common divisor of 6951 and 21.
21
What is the highest common factor of 145 and 29?
29
What is the greatest common factor of 650 and 25?
25
Calculate the greatest common divisor of 180 and 1335.
15
What is the highest common divisor of 17 and 731?
17
What is the highest common factor of 90 and 975?
15
Calculate the highest common divisor of 342 and 270.
18
What is the greatest common factor of 9 and 9081?
9
Calculate the highest common divisor of 105 and 490.
35
What is the highest common factor of 6 and 498?
6
What is the highest common factor of 85 and 2227?
17
Calculate the greatest common factor of 24 and 72.
24
What is the greatest common divisor of 7 and 4487?
7
What is the highest common factor of 1728 and 192?
192
What is the highest common divisor of 116 and 145?
29
What is the greatest common divisor of 85 and 935?
85
Calculate the highest common factor of 604 and 20.
4
What is the greatest common factor of 16 and 10832?
16
Calculate the greatest common factor of 8 and 62056.
8
Calculate the highest common divisor of 105 and 240.
15
What is the highest common factor of 988 and 16?
4
What is the highest common divisor of 800 and 66800?
400
Calculate the greatest common divisor of 19 and 779.
19
Calculate the greatest common divisor of 19 and 722.
19
What is the greatest common factor of 1314 and 9?
9
What is the greatest common factor of 2057 and 34?
17
Calculate the highest common factor of 21 and 28.
7
Calculate the highest common divisor of 42 and 42.
42
What is the greatest common factor of 396 and 8?
4
Calculate the highest common divisor of 120 and 15360.
120
Calculate the greatest common factor of 260 and 400.
20
Calculate the greatest common divisor of 1044 and 450.
18
Calculate the highest common divisor of 2015 and 130.
65
What is the highest common divisor of 195 and 405?
15
What is the greatest common divisor of 54 and 189?
27
What is the greatest common factor of 93 and 31?
31
Calculate the greatest common divisor of 1679 and 23.
23
Calculate the greatest common factor of 600 and 75.
75
Calculate the highest common divisor of 209 and 76.
19
What is the highest common factor of 119 and 408?
17
Calculate the greatest common divisor of 103 and 721.
103
Calculate the highest common factor of 1026 and 2508.
114
Calculate the highest common factor of 3706 and 306.
34
Calculate the highest common divisor of 16101 and 9.
9
What is the greatest common factor of 48 and 64?
16
Calculate the highest common factor of 28 and 2.
2
What is the highest common divisor of 9240 and 84?
84
What is the highest common divisor of 1058 and 46?
46
Calculate the greatest common divisor of 2 and 8.
2
Calculate the greatest common divisor of 14 and 574.
14
Calculate the highest common factor of 1264 and 4582.
158
Calculate the highest common divisor of 3 and 321.
3
What is the highest common factor of 136 and 1717?
17
What is the highest common factor of 216 and 8?
8
What is the greatest common factor of 7 and 224?
7
What is the greatest common factor of 18 and 2286?
18
What is the greatest common divisor of 26 and 50?
2
Calculate the greatest common factor of 32 and 272.
16
Calculate the greatest common divisor of 100 and 2100.
100
What is the highest common divisor of 18 and 558?
18
What is the greatest common factor of 25 and 650?
25
What is the highest common divisor of 205 and 246?
41
What is the highest common factor of 780 and 540?
60
What is the greatest common divisor of 1365 and 35?
35
What is the greatest common factor of 232 and 12?
4
What is the greatest common factor of 1066 and 41?
41
What is the greatest common divisor of 4 and 976?
4
Calculate the greatest common factor of 29 and 87.
29
Calculate the greatest common factor of 1392 and 12.
12
What is the highest common factor of 236 and 177?
59
Calculate the highest common factor of 250 and 20.
10
What is the greatest common factor of 37 and 888?
37
What is the greatest common divisor of 350 and 210?
70
What is the highest common divisor of 20 and 130?
10
What is the greatest common divisor of 2640 and 165?
165
Calculate the greatest common factor of 26 and 1222.
26
Calculate the greatest common factor of 161 and 92.
23
What is the highest common factor of 32 and 26272?
32
What is the greatest common divisor of 91 and 14?
7
What is the highest common factor of 54 and 81?
27
Calculate the highest common factor of 117 and 7002.
9
Calculate the greatest common divisor of 28 and 378.
14
What is the highest common factor of 3285 and 495?
45
Calculate the greatest common factor of 84 and 294.
42
What is the greatest common divisor of 1 and 4?
1
What is the highest common divisor of 406 and 783?
29
Calculate the highest common factor of 1703 and 52.
13
What is the greatest common divisor of 298 and 6?
2
Calculate the greatest common factor of 105 and 553.
7
What is the greatest common factor of 24 and 21?
3
Calculate the highest common divisor of 245 and 70.
35
Calculate the greatest common divisor of 20 and 340.
20
What is the greatest common divisor of 1696 and 32?
32
What is the greatest common factor of 2 and 515?
1
Calculate the highest common divisor of 1444 and 912.
76
What is the highest common divisor of 770 and 2030?
70
What is the greatest common factor of 16785 and 45?
45
What is the highest common factor of 108 and 68?
4
Calculate the highest common divisor of 23591 and 31.
31
What is the highest common factor of 81 and 216?
27
What is the highest common divisor of 126 and 924?
42
What is the highest common divisor of 1349 and 2769?
71
Calculate the highest common factor of 966 and 231.
21
What is the greatest common factor of 50 and 20?
10
What is the greatest common factor of 38 and 57?
19
Calculate the greatest common divisor of 32 and 336.
16
Calculate the highest common factor of 195 and 345.
15
Calculate the greatest common divisor of 1595 and 605.
55
What is the greatest common divisor of 132 and 516?
12
What is the highest common divisor of 11209 and 11?
11
Calculate the highest common factor of 460 and 368.
92
Calculate the greatest common factor of 4 and 320.
4
What is the highest common divisor of 11 and 13?
1
Calculate the greatest common factor of 77 and 21.
7
Calculate the greatest common divisor of 792 and 48.
24
Calculate the highest common divisor of 39 and 754.
13
Calculate the greatest common factor of 60 and 510.
30
Calculate the greatest common factor of 693 and 12573.
99
What is the highest common divisor of 187 and 66?
11
What is the highest common divisor of 63 and 504?
63
Calculate the highest common factor of 26 and 2.
2
What is the greatest common 